hat is the hundreds digit of 55570?
5
What is the thousands digit of 1114?
1
What is the units digit of 4463?
3
What is the hundreds digit of 1045?
0
What is the units digit of 268?
8
What is the thousands digit of 1999?
1
What is the units digit of 1270?
0
What is the thousands digit of 12885?
2
What is the thousands digit of 198752?
8
What is the hundreds digit of 3659?
6
What is the hundreds digit of 2353?
3
What is the tens digit of 2010?
1
What is the tens digit of 43225?
2
What is the ten thousands digit of 69819?
6
What is the hundreds digit of 7986?
9
What is the units digit of 62050?
0
What is the units digit of 18794?
4
What is the ten thousands digit of 129663?
2
What is the units digit of 848?
8
What is the units digit of 465?
5
What is the hundreds digit of 1821?
8
What is the units digit of 5013?
3
What is the thousands digit of 9717?
9
What is the tens digit of 684?
8
What is the tens digit of 3541?
4
What is the hundreds digit of 9677?
6
What is the thousands digit of 6186?
6
What is the units digit of 900?
0
What is the hundreds digit of 856?
8
What is the hundreds digit of 603?
6
What is the hundreds digit of 31240?
2
What is the tens digit of 135977?
7
What is the thousands digit of 56172?
6
What is the thousands digit of 1027?
1
What is the units digit of 363?
3
What is the thousands digit of 6045?
6
What is the units digit of 43744?
4
What is the tens digit of 3682?
8
What is the units digit of 6101?
1
What is the hundreds digit of 64447?
4
What is the units digit of 4162?
2
What is the tens digit of 164?
6
What is the units digit of 14765?
5
What is the thousands digit of 29309?
9
What is the units digit of 2408?
8
What is the units digit of 147?
7
What is the tens digit of 2293?
9
What is the hundreds digit of 558?
5
What is the tens digit of 4858?
5
What is the tens digit of 6027?
2
What is the hundreds digit of 7938?
9
What is the units digit of 6418?
8
What is the hundreds digit of 171308?
3
What is the units digit of 1653?
3
What is the units digit of 32559?
9
What is the tens digit of 108?
0
What is the tens digit of 956?
5
What is the hundreds digit of 10255?
2
What is the units digit of 423?
3
What is the hundreds digit of 675?
6
What is the hundreds digit of 2216?
2
What is the thousands digit of 32704?
2
What is the units digit of 34496?
6
What is the thousands digit of 60820?
0
What is the hundreds digit of 16460?
4
What is the hundred thousands digit of 142278?
1
What is the tens digit of 1648?
4
What is the units digit of 7314?
4
What is the tens digit of 9147?
4
What is the tens digit of 1180?
8
What is the units digit of 60267?
7
What is the units digit of 265?
5
What is the units digit of 916?
6
What is the tens digit of 1518?
1
What is the units digit of 147990?
0
What is the hundreds digit of 1974?
9
What is the units digit of 506?
6
What is the ten thousands digit of 73658?
7
What is the tens digit of 1769?
6
What is the units digit of 7169?
9
What is the thousands digit of 2440?
2
What is the hundreds digit of 65113?
1
What is the tens digit of 4042?
4
What is the units digit of 1002?
2
What is the units digit of 13289?
9
What is the thousands digit of 7110?
7
What is the units digit of 11999?
9
What is the units digit of 176?
6
What is the hundreds digit of 9802?
8
What is the units digit of 798?
8
What is the units digit of 1678?
8
What is the hundreds digit of 2185?
1
What is the tens digit of 2713?
1
What is the thousands digit of 8581?
8
What is the tens digit of 722?
2
What is the ten thousands digit of 98744?
9
What is the thousands digit of 12181?
2
What is the tens digit of 7300?
0
What is the tens digit of 25023?
2
What is the hundreds digit of 4410?
4
What is the thousands digit of 2965?
2
What is the ten thousands digit of 34851?
3
What is the ten thousands digit of 62383?
6
What is the units digit of 5445?
5
What is the tens digit of 1027?
2
What is the units digit of 496?
6
What is the tens digit of 1253?
5
What is the thousands digit of 7738?
7
What is the tens digit of 138?
3
What is the tens digit of 61264?
6
What is the hundreds digit of 61904?
9
What is the ten thousands digit of 14161?
1
What is the thousands digit of 1682?
1
What is the thousands digit of 16021?
6
What is the tens digit of 4953?
5
What is the thousands digit of 7648?
7
What is the thousands digit of 47196?
7
What is the ten thousands digit of 16757?
1
What is the tens digit of 610?
1
What is the units digit of 63131?
1
What is the hundreds digit of 16266?
2
What is the tens digit of 64069?
6
What is the tens digit of 966?
6
What is the units digit of 17258?
8
What is the tens digit of 2773?
7
What is the hundreds digit of 151800?
8
What is the hundreds digit of 1305?
3
What is the tens digit of 133?
3
What is the tens digit of 1798?
9
What is the tens digit of 98040?
4
What is the hundreds digit of 46740?
7
What is the hundreds digit of 3863?
8
What is the units digit of 57815?
5
What is the units digit of 1584?
4
What is the tens digit of 556?
5
What is the tens digit of 27003?
0
What is the tens digit of 31220?
2
What is the thousands digit of 172020?
2
What is the thousands digit of 2201?
2
What is the hundreds digit of 7141?
1
What is the units digit of 4082?
2
What is the thousands digit of 5947?
5
What is the units digit of 6989?
9
What is the units digit of 483?
3
What is the hundreds digit of 4571?
5
What is the tens digit of 2723?
2
What is the thousands digit of 15873?
5
What is the units digit of 6410?
0
What is the units digit of 578?
8
What is the tens digit of 831?
3
What is the hundreds digit of 2869?
8
What is the thousands digit of 8695?
8
What is the thousands digit of 9414?
9
What is the hundreds digit of 3616?
6
What is the tens digit of 871?
7
What is the tens digit of 1204?
0
What is the hundreds digit of 6590?
5
What is the thousands digit of 35208?
5
What is the hundreds digit of 730?
7
What is the ten thousands digit of 78599?
7
What is the hundreds digit of 762?
7
What is the hundreds digit of 11127?
1
What is the units digit of 37600?
0
What is the ten thousands digit of 55748?
5
What is the ten thousands digit of 12464?
1
What is the tens digit of 435?
3
What is the tens digit of 1458?
5
What is the units digit of 28413?
3
What is the hundreds digit of 2010?
0
What is the thousands digit of 34494?
4
What is the units digit of 58?
8
What is the units digit of 9038?
8
What is the thousands digit of 1542?
1
What is the thousands digit of 2316?
2
What is the units digit of 7782?
2
What is the units digit of 24593?
3
What is the thousands digit of 1456?
1
What is the thousands digit of 23325?
3
What is the tens digit of 12032?
3
What is the thousands digit of 58013?
8
What is the hundreds digit of 6096?
0
What is the ten thousands digit of 33345?
3
What is the thousands digit of 14150?
4
What is the thousands digit of 14555?
4
What is the ten thousands digit of 11864?
1
What is the hundreds digit of 13183?
1
What is the tens digit of 2127?
2
What is the units digit of 13?
3
What is the tens digit of 21762?
6
What is the thousands digit of 5599?
5
What is the hundreds digit of 1012?
0
What is the tens digit of 16403?
0
What is the hundreds digit of 1445?
4
What is the tens digit of 3060?
6
What is the thousands digit of 171016?
1
What is the hundreds digit of 938?
9
What is the units digit of 5754?
4
What is the tens digit of 4725?
2
What is the hundreds digit of 11270?
2
What is the ten thousands digit of 141726?
4
What is the hundreds digit of 8772?
7
What is the thousands digit of 1099?
1
What is the ten thousands digit of 26371?
2
What is the thousands digit of 9229?
9
What is the thousands digit of 5140?
5
What is the units digit of 27612?
2
What is the units digit of 1998?
8
What is the tens digit of 2567?
6
What is the ten thousands digit of 89067?
8
What is the thousands digit of 3791?
3
What is the units digit of 2039?
9
What is the hundreds digit of 19661?
6
What is the thousands digit of 7571?
7
What is the units digit of 863?
3
What is the tens digit of 3123?
2
What is the ten thousands digit of 46049?
4
What is the hundreds digit of 635?
6
What is the tens digit of 422?
2
What is the thousands digit of 17498?
7
What is the hundreds digit of 2731?
7
What is the thousands digit